{"id":20,"date":"2011-04-06T12:24:32","date_gmt":"2011-04-06T10:24:32","guid":{"rendered":"http:\/\/www.loick.de\/blog\/?page_id=20"},"modified":"2025-08-25T16:19:53","modified_gmt":"2025-08-25T14:19:53","slug":"impressum","status":"publish","type":"page","link":"https:\/\/www.loick.de\/blog\/?page_id=20","title":{"rendered":"Impressum"},"content":{"rendered":"<p>verantwortlich gem. \u00a7 5 Telemediengesetz (TMG):<\/p>\n<p>Maxim Loick<br \/>\nFlughafenstra\u00dfe 25<br \/>\n53229 Bonn<\/p>\n<p>maxim PUNKT loick AT googlemail\u00a0Punkt com<\/p>\n<p>Trotz sorgf\u00e4ltiger inhaltlicher Kontrolle kann ich selbstverst\u00e4ndlich keine Haftung f\u00fcr die Inhalte externer Links \u00fcbernehmen. F\u00fcr den Inhalt der verlinkten Seiten sind ausschlie\u00dflich deren Betreiber verantwortlich.<\/p>\n<p>Wer Lust hat, m\u00f6ge mir auf Mastodon folgen: <a href=\"https:\/\/bonn.social\/deck\/@Pausanias\">@Pausanias.<\/a><\/p>\n","protected":false},"excerpt":{"rendered":"<p>verantwortlich gem. \u00a7 5 Telemediengesetz (TMG): Maxim Loick Flughafenstra\u00dfe 25 53229 Bonn maxim PUNKT loick AT googlemail\u00a0Punkt com Trotz sorgf\u00e4ltiger inhaltlicher Kontrolle kann ich selbstverst\u00e4ndlich keine Haftung f\u00fcr die Inhalte externer Links \u00fcbernehmen. F\u00fcr den Inhalt der verlinkten Seiten sind ausschlie\u00dflich deren Betreiber verantwortlich. Wer Lust hat, m\u00f6ge mir auf Mastodon folgen: @Pausanias.<\/p>\n","protected":false},"author":2,"featured_media":0,"parent":0,"menu_order":0,"comment_status":"closed","ping_status":"closed","template":"","meta":{"footnotes":""},"class_list":["post-20","page","type-page","status-publish","hentry","entry"],"_links":{"self":[{"href":"https:\/\/www.loick.de\/blog\/index.php?rest_route=\/wp\/v2\/pages\/20","targetHints":{"allow":["GET"]}}],"collection":[{"href":"https:\/\/www.loick.de\/blog\/index.php?rest_route=\/wp\/v2\/pages"}],"about":[{"href":"https:\/\/www.loick.de\/blog\/index.php?rest_route=\/wp\/v2\/types\/page"}],"author":[{"embeddable":true,"href":"https:\/\/www.loick.de\/blog\/index.php?rest_route=\/wp\/v2\/users\/2"}],"replies":[{"embeddable":true,"href":"https:\/\/www.loick.de\/blog\/index.php?rest_route=%2Fwp%2Fv2%2Fcomments&post=20"}],"version-history":[{"count":9,"href":"https:\/\/www.loick.de\/blog\/index.php?rest_route=\/wp\/v2\/pages\/20\/revisions"}],"predecessor-version":[{"id":2268,"href":"https:\/\/www.loick.de\/blog\/index.php?rest_route=\/wp\/v2\/pages\/20\/revisions\/2268"}],"wp:attachment":[{"href":"https:\/\/www.loick.de\/blog\/index.php?rest_route=%2Fwp%2Fv2%2Fmedia&parent=20"}],"curies":[{"name":"wp","href":"https:\/\/api.w.org\/{rel}","templated":true}]}}